est common factor of 7 and y?
7
Let q be (0 - (-1533 - 4)) + 3 + -4. Suppose a - 14 - 10 = 0. What is the highest common divisor of q and a?
24
Let k be 8/48*-2 - (-625)/3. Let d = 265 - k. Calculate the greatest common factor of 38 and d.
19
Let p = -15629 - -15908. Calculate the greatest common factor of 1302 and p.
93
Let j be (1443/208*-8)/(3/(-16)). Calculate the greatest common factor of j and 2590.
74
Let l be 802/10 - (-4)/(-20). Let x be (24/20)/(6/l). Let t = -7041 - -7057. Calculate the highest common divisor of t and x.
16
Let x(y) = 226*y**2 + 47*y + 135. Let d be x(-3). What is the greatest common divisor of d and 416?
52
Let v(f) = 24*f - 261. Let m be v(11). Let o be ((-2)/4)/((-3)/186). Suppose c - 12 = 3*z, 3*z - 77 = -4*c + o. Calculate the highest common factor of c and m.
3
Let i = 842 - 787. Let l be 294/30 + (-1)/(-5). What is the highest common factor of i and l?
5
Let u(g) = 3*g - 1. Let q be u(2). Let o be (42/(-5))/((-1)/q). Suppose -29*r - 7*r = -4536. Calculate the highest common divisor of o and r.
42
Suppose 5*g - 8*g + 3117 = 3*n, -3*n = -5*g - 3077. What is the greatest common factor of 88 and n?
22
Let z = -4926 - -5220. What is the greatest common factor of 84 and z?
42
Let s = 2 + 2. Suppose -n = -5*h + 420, -s*h + 268 + 62 = -2*n. What is the highest common factor of h and 34?
17
Suppose -3*u - 5*n = 88, 0 = 4*u - 5*u - n - 30. Let z = u - -116. What is the highest common divisor of z and 5?
5
Let c(n) be the second derivative of -n**4/6 + 7*n**3/3 + 6*n**2 + 54*n. Let x = 14 - 7. Let k be c(x). Calculate the greatest common factor of k and 18.
6
Let w be 2 + -4 + 14 - 32/(-8). Calculate the greatest common divisor of 1296 and w.
16
Let b = -94 + 98. Suppose 5*n - d - 8 + 20 = 0, 0 = b*n + d + 15. Let f(c) = -42*c - 6. Let l be f(n). What is the greatest common divisor of l and 15?
15
Suppose -13*l - 9662 + 31632 = 0. Calculate the highest common divisor of l and 10.
10
Suppose 30 - 26 = 2*j, 4*n + 3*j = 814. Calculate the highest common factor of 1 and n.
1
Let d = 3567 + -2643. Calculate the greatest common divisor of 396 and d.
132
Suppose 5*k - 156 = -4*r, -200 = -156*r + 151*r - 5*k. Calculate the highest common divisor of r and 8.
4
Suppose 5*c = -0*y - y + 2247, -2*c - 4*y + 888 = 0. Suppose 16*p + c = 41*p. Calculate the highest common factor of 288 and p.
18
Let p = -396 - -414. Suppose -4*n - 68 = z - 3*z, 3*n = 4*z - 146. Let m = z - p. What is the greatest common factor of m and 60?
20
Let m(g) = 3*g**3 - 8*g**2 + 85*g - 701. Let v be m(8). Calculate the highest common factor of v and 221.
17
Suppose -2*d + 10748 = -j, -4*d + 4*j = -3653 - 17835. What is the highest common divisor of d and 42?
42
Let u(t) = 15*t - 729. Let x(i) = -3*i + 146. Let z(r) = 2*u(r) + 11*x(r). Let v be z(-7). Calculate the greatest common divisor of v and 26.
13
Let v(y) = -y**3 + 5*y**2 - 27*y + 64. Let q be v(3). What is the greatest common factor of 594 and q?
1
Let l = 15 - 11. Suppose 3*j + 16 = l*j - u, j - 3*u - 8 = 0. Let d(k) = 51*k + 7601. Let v be d(-149). Calculate the highest common factor of v and j.
2
Let c(f) = -f**3 + 12*f**2 - 21*f + 1. Let b be c(10). Let v be (-18)/4*(-31 - b). Let k = v + -87. Calculate the highest common divisor of 30 and k.
6
Suppose -5*w - 2*g + 27771 = -6150, 0 = 4*w + 4*g - 27132. What is the greatest common divisor of w and 230?
115
Let c(o) = -o + 0 - 1 + 2*o**2 + 4*o - 2. Let u be c(-3). Let a be (-32)/144 + 1/((-9)/(-137)). Calculate the highest common divisor of a and u.
3
Suppose -a - 2*d = -2*a + 1, 19 = -5*a - 2*d. Let g(u) = 5*u**2 + 2*u + 2. Let n be g(a). Let k = 79 + 3. What is the highest common factor of n and k?
41
Let n = -20368 - -52166. Calculate the greatest common divisor of n and 13.
13
Let n = 16013 - 15929. What is the greatest common factor of n and 364?
28
Suppose -23*c + 6067 + 10587 = 5338. What is the greatest common divisor of c and 60?
12
Let i = 4814 + -2689. Calculate the greatest common factor of i and 17.
17
Let f be (-16)/(-24)*(-9 - 3)/(-4). Suppose f = s + 4*c - 7, 3*s + 3*c = 9. What is the highest common factor of 23 and s?
1
Suppose 17293 = 37*d - 24332. What is the greatest common factor of 90 and d?
45
Let z(y) = -y**2 - 18*y. Suppose 10 = -u - 2. Let v be z(u). What is the greatest common factor of v and 192?
24
Suppose 0 = -7*f + 532 + 798. Suppose -3*z = a + 2*z + 38, 0 = 5*a + 2*z + f. Let p be (2 - -2)*2*a/(-8). What is the highest common factor of p and 95?
19
Suppose -1 = c, -5*x - 34 = 2*c - 12. Suppose -12 = -r - 3*r. Let z = r - x. Calculate the highest common divisor of z and 28.
7
Suppose -3*s = -0*s - 6, -4*n - 812 = 2*s. Let x = n + 225. What is the highest common divisor of 3 and x?
3
Suppose -b - 3*c + 188 = -537, 5*c + 5 = 0. Let p = b + -308. What is the highest common divisor of 168 and p?
84
Let w = 449 - 305. Suppose -2*r - 2 = -3*b - 117, -3*r = 5*b - w. Suppose 50*p + 702 = r*p. What is the greatest common factor of 18 and p?
18
Let v = -407 + 390. Let b be (11 - -1)*v/(680/(-3630)). What is the greatest common factor of b and 99?
99
Let u be -2 - 4*-1 - -73. Let s = -21627 + 21672. Calculate the greatest common factor of s and u.
15
Let f(r) be the first derivative of 9*r**2 - 20*r + 171. Let d be f(4). Calculate the greatest common factor of d and 208.
52
Suppose 74*t - 413 = -5*u + 72*t, 3*u = -t + 247. What is the highest common factor of 1674 and u?
27
Let a(m) = -m**2 - 8*m + 5. Let u be (-5 - -6)*5/(-1). Let n be a(u). What is the greatest common divisor of n and 4?
4
Suppose -5*h + 8 = 3, 3*q - 200 = -5*h. Let i be (1/(-1) - -5)*(-17505)/(-1556). What is the highest common factor of q and i?
5
Let q(a) be the second derivative of -a**4/12 + 4*a**2 + a + 115. Let n be q(0). What is the greatest common divisor of n and 2?
2
Suppose 0 = 23*f - 32*f + 2394. Let z = f - 254. What is the highest common divisor of z and 600?
12
Let i(r) = -r**3 - 5*r**2 - 2*r. Let d be -2 + 1 + -2 - 3. Let j be i(d). Suppose 2*k = -6*k + j. What is the highest common divisor of 2 and k?
2
Suppose 0 = 2*m + 5*c - 218, c = m - 12170 + 12040. Let l(j) = 18*j**2 + 2*j - 1. Let i be l(-3). Calculate the highest common divisor of i and m.
31
Suppose 0 = 2*o + 8, 2136*b - 2141*b - 4*o = -64754. What is the highest common factor of 102 and b?
102
Let y = -2407 + 8726. What is the greatest common divisor of y and 267?
89
Suppose 16*z - 16582 - 1706 = 0. What is the highest common factor of 63 and z?
9
Suppose 0 = -4*z + 45 + 255. Suppose -4*q = 5*l - 10, 5*l - 2602 + 2637 = -q. Calculate the highest common factor of q and z.
15
Let c(p) be the second derivative of -p**5/20 - 7*p**4/12 + 2*p**3/3 - 8*p**2 + 5*p + 1. Let i be c(-8). What is the highest common divisor of i and 12?
4
Let g be ((-232)/40)/(10/(-50)). What is the greatest common factor of 1334 and g?
29
Let h be 40/56 + 2/7. Suppose -2*n - 3*f = -339, h = -3*f - 2. Calculate the highest common divisor of n and 57.
57
Suppose -31 = -v - 3*c, 125 = -4*v - c + 183. What is the greatest common divisor of 12493 and v?
13
Let w = 13144 - 12696. Calculate the greatest common factor of 3472 and w.
112
Let f be 13*3 - 24/(-12). Suppose -5*o - f = -101. Suppose 2*q = 6*q - o. What is the highest common divisor of 6 and q?
3
Let n = 284 - 282. Suppose n*s + 206 = 2*m + 54, -m - 5*s + 100 = 0. What is the highest common divisor of m and 80?
80
Let f be -4 + 1494 + -8 + (12 - -4). Calculate the highest common factor of 963 and f.
107
Let r(x) = -x**3 + 15*x**2 + 22*x + 33. Let b be r(16). Let w = 136 - b. What is the greatest common factor of w and 63?
7
Let h = 385 + -193. Let a = 194 - h. What is the greatest common factor of 3 and a?
1
Suppose -5*l = 10*t - 12*t - 10, 3*t = -2*l + 4. Suppose 3*w - 650 = -l*a, -47*w - 3*a + 645 = -44*w. Calculate the highest common factor of w and 44.
44
Let g be (0 - (-468)/10)*(-1220)/(-488). Calculate the highest common factor of 7059 and g.
39
Let w(x) = 6*x + 80. Let s be w(-45). Let r be (-200)/(-125)*s/(-8). What is the highest common factor of 266 and r?
38
Suppose 198 = -5*z + 3*c + 1035, -4*z + 667 = -5*c. Let p = -2 - -30. Calculate the highest common divisor of z and p.
28
Suppose i + 4*u - 8070 = u + 3583, 0 = -2*u. Calculate the highes